ulate the highest common divisor of 2499 and d.
21
Let r be -1*(-3)/(-9)*75/(-5). Suppose -3*n + 46 + 173 = r*v, 2*n - 144 = -4*v. Calculate the highest common divisor of n and 24.
6
Let s = 815 + -375. What is the highest common divisor of 495 and s?
55
Suppose -367*g + 368*g = -v + 1062, 5*v - 2109 = -2*g. What is the highest common factor of g and 33?
11
Let l = -2865 - -4307. Calculate the greatest common divisor of l and 28.
14
Suppose 0*i + 3*i = -5*p + 51, -2*p = -2*i + 18. Let b(a) = 2*a**2 + 9*a - 4. Let f be b(i). Calculate the highest common factor of 8 and f.
8
Let s(z) = 1. Let i(a) = 5*a + 5. Let n(b) = -i(b) + 2*s(b). Let d be n(-2). Let f = -2484 + 2498. Calculate the greatest common divisor of d and f.
7
Let k be (-141)/(-3) - (25 - 26). Calculate the highest common divisor of k and 1776.
48
Let v = 6862 - 6673. Let p be 1/(-1)*-1 - -41. What is the highest common factor of p and v?
21
Let a(t) = 4*t + 45. Let p be a(-9). Let g(b) = b**3 - 8*b**2 + 12*b + 6. Let m be g(p). Calculate the greatest common divisor of 30 and m.
15
Let a = 6 + 14. Suppose 18*b - 9800 = -8*b - 219*b. What is the greatest common divisor of b and a?
20
Let p = -188 - -181. Let d(g) = -2*g**3 - 13*g**2 + g + 12. Let k be d(p). Calculate the highest common factor of k and 36.
18
Let c be 4*4/8*-349. Let k = c + 707. Calculate the greatest common divisor of 369 and k.
9
Let h(j) = -j**3 + 68*j**2 + 304*j - 167. Let r be h(72). Calculate the greatest common factor of r and 1182.
197
Let w(y) = y**2 + 12*y + 17. Let z be w(-14). Suppose 4*x + z = -x. Let h = x + 93. What is the greatest common factor of h and 21?
21
Suppose -l - 795 = -5*r, -7*r - 3*l = -2*r - 815. Let w(c) = -563*c - 558. Let g be w(-1). Calculate the greatest common divisor of r and g.
5
Let t be 3*7 - ((9 + -10 - -6) + 1). What is the highest common divisor of t and 4515?
15
Suppose -2*u = 2*h - 3654, 0 = 3*u + h - 2211 - 3266. Calculate the highest common divisor of u and 125.
25
Let r be 10 + ((-4)/12)/((-5)/30). Let t be -33*(2 - (68/r - 1)). Let c = 20 - 12. Calculate the highest common factor of c and t.
8
Let o = -358 - -566. Calculate the greatest common factor of 65 and o.
13
Let x(f) = -f**3 + 63*f**2 + 2*f + 14. Let n be x(63). What is the greatest common factor of 1484 and n?
28
Suppose 0*n - 48 = -2*n - 4*w, -20 = -5*w. Let f be (-93528)/(-1732) + (0*(-2 + 1) - 6). Calculate the greatest common factor of n and f.
16
Let t be 17/(2*(-5 + (-11)/(-2))). Calculate the highest common factor of t and 2159.
17
Let w be (6*(-5)/5)/(4/(-2)). Suppose 5*d = -2*q - w, -4*q + d - 56 - 5 = 0. Let u = q + 29. Calculate the greatest common divisor of u and 120.
15
Let p(t) = -311*t**2 - t + 310*t**2 + 47 + 7*t. Let u be p(6). Calculate the greatest common divisor of 141 and u.
47
Let c be (600/(-9))/1*-3. Suppose -304 = 534*m - 572*m. Calculate the highest common factor of m and c.
8
Let t(h) = -15*h - 6. Let y be t(-2). Let p be ((-116)/(-3))/(16/y). Suppose -3*a + p = -239. What is the highest common divisor of 11 and a?
11
Let i(d) = -2*d + 21. Let n be i(11). Let w(b) = -231*b**3 - 2*b - 3. Let z be w(n). Suppose 4*o = 6*o - z. Calculate the greatest common factor of 23 and o.
23
Suppose -c + 3 = 0, 13*c - 10*c - 457 = -2*x. Calculate the highest common divisor of 133 and x.
7
Let s(o) = o**2 + 7*o - 9. Let f be s(-9). Suppose 4*b - 25 = -f. Suppose 0 = q - 12 - b. What is the greatest common divisor of 112 and q?
16
Let g be (-15)/(2*6/(-16)). Suppose -5*s + 54 - 259 = -2*k, -s + 247 = 2*k. Calculate the greatest common divisor of g and k.
20
Let w be 170 + -1 + 6 - -1. Suppose -w = -6*b + 4. Calculate the highest common factor of 75 and b.
15
Let w(f) = f**2 + 6*f + 4. Let c be w(-6). Suppose -15 = -c*l + 4*o - 9*o, -5*o + 5 = 2*l. Let a = -1910 - -1912. What is the greatest common factor of a and l?
1
Suppose -c + g + 2397 - 16 = 0, g - 4774 = -2*c. Calculate the highest common divisor of 30 and c.
15
Let x be (-4 - 772/8)*-6. What is the greatest common divisor of 536 and x?
67
Suppose 2992 = 86*m - 847 - 289. Calculate the greatest common factor of 102 and m.
6
Let t be ((-6)/(-8))/(180/5040). Let p(u) = -u**3 + 7*u**2 + 6*u - 9. Let x be p(6). What is the greatest common factor of t and x?
21
Let h(q) = q**2 + 2. Let a be h(2). Suppose -4*x = 0, 0 = -m + x + 88 + 206. What is the highest common factor of a and m?
6
Let z(i) = i**2 + 5*i + 6. Let g be z(-6). Let s = 396 - 392. Let m be 42/s*-3*22/(-77). What is the greatest common divisor of m and g?
3
Suppose -7844*h + 1088 = -7810*h. Suppose 3*u + 47 + 28 = 0. Let m = u - -41. Calculate the highest common factor of h and m.
16
Let c(x) = -x**3 - 7*x**2 - 2*x - 9. Let u be c(-7). Let m be (-242)/(-3) - u/(-15). Let j be (12/10)/(2/15). Calculate the highest common divisor of m and j.
9
Let f(c) = 19*c**3 + c**2 - c - 1. Let b be (2 - (-28)/(-12))*-3. Let o be f(b). What is the highest common factor of 27 and o?
9
Let g be ((-3)/2)/((-3)/108). Let r be (-60)/(-35)*(-14)/(-4). Suppose -u - t + 2*t = -4, 0 = -3*t + r. Calculate the highest common divisor of u and g.
6
Let r(c) = 173*c**2 - 9*c - 31. Let f be r(-2). Calculate the highest common divisor of 21 and f.
7
Let i(q) = -4*q**3 - 13*q**2 - q + 36. Let h be i(-11). What is the greatest common divisor of 36 and h?
18
Let j be (3 + 10*-18)*-3. Suppose 5*t + j = -5*c + 2006, -5*t + 25 = 0. Calculate the greatest common factor of c and 20.
10
Let r = 40 + -50. Let b be (-2420)/(-50) + 24/r + 2. Calculate the highest common divisor of 144 and b.
48
Suppose 4*g = -5*w + 200, 0 = -364*w + 362*w + 8. What is the highest common divisor of 531 and g?
9
Let r(y) = -4*y**2 - 346*y + 818. Let i be r(-85). What is the greatest common factor of i and 464?
16
Suppose 1408 + 356 = 12*f. Suppose -14*l = -11*l - f. What is the greatest common divisor of 21 and l?
7
Let x = 5463 - 5346. Calculate the highest common divisor of 711 and x.
9
Let o(x) = -3*x**2 + 49*x - 6. Let r be o(16). Suppose r*z - 2*i = 13*z - 12, -27 = -4*z + i. What is the greatest common factor of z and 12?
6
Suppose -5*t - 2*v + 0*v = 149, -2*t - 48 = -5*v. Let l = t - -44. Let c = -9942 - -10107. What is the greatest common factor of l and c?
15
Let h be 1/(-6)*2 - 578/(-6). Suppose -205*o = -211*o + h. What is the highest common divisor of 80 and o?
16
Suppose -58*r + 1404 = 1346. Calculate the highest common divisor of r and 461.
1
Let x = 69 + -36. Suppose 21 = 3*s - 3*h, 3*s - 16*h - 37 = -21*h. What is the greatest common divisor of x and s?
3
Suppose -5*v - 10 = -28*x + 30*x, 0 = -5*x - v + 21. Calculate the highest common factor of 55 and x.
5
Suppose -4*i - 5*c = -104, -52*i + 49*i - 5*c + 78 = 0. Let r = -266 + 409. Calculate the greatest common divisor of i and r.
13
Suppose 22*g + 2162 = 4*c + 17*g, -2*c + 1072 = -g. Calculate the highest common divisor of 41 and c.
41
Let j be ((-2)/(-6))/((-7)/84). Let b(z) = -5*z**3 - 10*z - 20. Let u be b(j). What is the highest common factor of 204 and u?
68
Suppose 242*m - 66*m = 118272. Calculate the greatest common factor of m and 210.
42
Suppose -3*t + 375 = -5*x, 8*t + 2*x - 354 = 5*t. Suppose -3*k + 198 = 33. Suppose k*r - 50*r = t. Calculate the greatest common divisor of r and 32.
8
Let i(t) = 2*t**2 - 304*t - 1746. Let l be i(164). What is the greatest common factor of l and 135?
15
Let l = 2749 + -2733. Calculate the greatest common divisor of 424 and l.
8
Let j = 43 + -20. Suppose -196 = -30*x + j*x. What is the greatest common divisor of 4 and x?
4
Let x(b) = -2109*b - 6603. Let t be x(-4). Calculate the highest common factor of t and 329.
47
Suppose 5*t - 39294 - 22356 = 3555. What is the greatest common factor of 161 and t?
161
Suppose 4*z - 277 = 2475. Let l be ((-295)/(-236) - (-93)/(-36))*(-2 - 22). What is the highest common divisor of l and z?
16
Suppose -n - 5*q = 1, 11 + 6 = -3*n - q. Let l be (-3)/5*-5*(-98)/n. Suppose -2*i - l = -9*i. What is the greatest common factor of i and 28?
7
Suppose -111522 - 242841 = -41*b. Calculate the highest common factor of 804 and b.
201
Let d be (((-231)/(-28))/11)/(1/(-8)). Let x(r) = -2*r**2 - 20*r - 30. Let j be x(d). What is the greatest common divisor of 738 and j?
18
Let m = 8 - 16. Let v be m/((-8)/3)*(12 - 1